 = -3*p + 25*i, -2*p = -i + 1731. Let j = -869 - p. Calculate g(j).
18
Suppose -10*l - 260 = -195*l + 480. Let h(n) be the first derivative of n**3/3 + n**2 - 2*n - 2. Calculate h(l).
22
Let i(r) = 26*r**2 - 14*r**2 - r**3 + 0 + 5 - r**3 + r**3. Calculate i(12).
5
Let v(y) be the third derivative of y**2 + 0*y**3 + 1/12*y**4 + 1/20*y**5 + 0 - 20*y. What is v(-1)?
1
Suppose -46*j + 49*j + 38 = -x, -4*x - 44 = 3*j. Let i(p) = p**2 + 14*p + 36. Give i(j).
12
Let f(i) be the third derivative of i**5/60 - i**4/4 - 3*i**3/2 - 3789*i**2 + 2*i. Calculate f(-3).
18
Let w = -2459 - -1599. Let q = w - -852. Let h(x) = 4*x + 13. Let i(a) = a + 1. Let d(b) = -h(b) + 5*i(b). Give d(q).
-16
Let h(l) be the first derivative of -l**3/3 - 14*l**2 - 198*l - 13699. Give h(-14).
-2
Let x(o) = o**3 + 4*o**2 - o + 2. Let n = -58 - -63. Suppose -5*z + z = 5*y - 95, -5*z - n*y + 125 = 0. Let l be z/(-7) + (-8)/(-28). Calculate x(l).
6
Let k(v) = v**2 + 3*v - 1. Let z be 4/22 - (1 - 270/(-33)). Let n be 3*(z/15 + 42/45). Let s be (n + 3)/(-2) + (-36)/9. Give k(s).
17
Suppose -7*b - 154 = -12*b + 2*c, -b - c + 35 = 0. Suppose -3 = 2*s + 3, -s + b = 5*a. Let w(z) = z**3 - 6*z**2 - 7*z + 4. Calculate w(a).
4
Let k(j) = 63*j - 15*j - 25*j - 24*j - 24. Determine k(-16).
-8
Let u(i) = -3*i**3 - 5*i**2 - i + 2. Let l(m) = -m**3 - m**2 - 2*m + 1. Let x be (11 + -12)/(0 + -4 - -5). Let c(v) = x*u(v) + 2*l(v). Give c(-4).
-4
Let b(d) be the third derivative of 0 - 1/8*d**4 + 1/2*d**3 + 5*d - 1/60*d**5 - 2*d**2. What is b(-6)?
-15
Suppose 27 = 4*w - 3*w - 5*r, 15 = 5*w + 5*r. Let z(j) = -3*j**2 - 10*j + 41. Let t(f) = -f**2 - 4*f + 15. Let o(k) = 17*t(k) - 6*z(k). Determine o(w).
2
Let b(a) be the first derivative of a**2 + 50*a + 2101. What is b(-33)?
-16
Let u(a) = 5 - 6*a + 0*a**2 - 5*a**2 - 3*a**2 - a**3. Suppose 0 = -3*h - 5*n - 330, -2*n + 308 = -5*h - 242. Let m = -117 - h. What is u(m)?
-2
Let u(o) = -o**3 + 4*o**2 - 3*o + 6. Let p = 22 - 20. Let d(v) = -7*v + 14 - p + v + 8*v. Let g be d(-4). What is u(g)?
-6
Let w(c) = c + 5. Let o(a) = -6*a**2 - 9*a - 17. Let t(d) = 4*d**2 + 6*d + 11. Let i(x) = -5*o(x) - 8*t(x). Let f be i(-2). Give w(f).
0
Let k(y) = 3*y - 4. Let z(x) = x**2 + 23*x - 140. Let i be z(-42). Let v = i + -652. Determine k(v).
14
Let i(w) = -2*w + 1. Let q(u) = -2*u**2 + 3*u - 8. Let g be q(-4). Let s = g - -64. Suppose -9*a + 11*a = -s. What is i(a)?
13
Let h = 151 - 147. Let u be (h - 4) + 1 + 2. Suppose -u*b + 26 = 10*b. Let t(i) = 2*i**2 - 4*i + 2. What is t(b)?
2
Let u(p) be the first derivative of -p**4/4 + 2*p**3/3 + p**2/2 - p + 3462. Let a = -3 + 5. Determine u(a).
1
Let x(d) = 51 - 16*d - 203*d**2 + 255*d**2 - 53*d**2. Determine x(3).
-6
Let o(t) = -3*t - 33. Let d be 2/13 + (-3388)/(-286). Suppose -d*k = -2*k + 110. Determine o(k).
0
Let n(u) = u**2 - 3*u + 2. Suppose -11*d + 36 = -7*d. Let o(i) = i**2 - 10*i + 11. Let w be o(d). Suppose w*x = x + 4. Give n(x).
6
Let o be (-3 + -3)*-1*4/8. Suppose -u = -4*u - 3, 0 = o*d - 5*u - 17. Let b be (d/2 - 15/6)*-12. Let g(r) = -r**2 + 2*r + 5. What is g(b)?
-19
Let o(d) = -12*d - 24 + 4*d**2 - 29*d + 31*d - 5*d**2 - 5. What is o(-6)?
-5
Let k(d) = 53*d - 185. Let t(c) = -304*c + 1114. Let x(r) = 34*k(r) + 6*t(r). Calculate x(18).
-2
Suppose -40*n = -38*n - 2, a = 3*n - 11. Let d(w) = 6*w - 5. What is d(a)?
-53
Let x = 18297 + -18292. Let f(p) = 2*p**2 - 8. Calculate f(x).
42
Let v = 880 - 878. Let m(a) = 1404*a**2 - 1405*a**v + 13*a - 4 - 4*a. Calculate m(8).
4
Let z(y) = 5*y**3 + 39*y**2 - 85*y + 119. Let p(a) = -3*a**3 - 26*a**2 + 57*a - 77. Let c(f) = 8*p(f) + 5*z(f). Calculate c(10).
-11
Let v(f) = f**2 - 16*f - 20. Let i(o) = 523*o + 5245. Let p be i(-10). What is v(p)?
-35
Let b(p) be the third derivative of p**5/60 - 5*p**4/12 + 19*p**3/6 - 784*p**2. Give b(10).
19
Let p(u) = u**3 - 3*u + 0*u**3 + u**2 + 0*u**3. Suppose 252 = 6*s + 134 + 136. Determine p(s).
-9
Let w(f) be the second derivative of 22*f - 1/4*f**4 - 1/6*f**3 + f**2 + 1/20*f**5 + 0. Determine w(-2).
-16
Suppose -44 = 5*u - 24. Let b(x) be the third derivative of -3*x**4/8 + 11*x**3/6 + 9*x**2. Let f(p) = 3*p - 4. Let r(l) = 6*b(l) + 17*f(l). Determine r(u).
10
Let l = 248 + -144. Let m(u) = -53 - 50 - u**2 + u + l. Determine m(3).
-5
Let h(r) be the first derivative of 13*r**2/2 - 13*r - 307. Let c(k) = -9*k + 8. Let n(l) = -7*c(l) - 5*h(l). Give n(0).
9
Let f(g) = g**2 - 12*g - 26. Let n be f(14). Suppose -14 = -3*t - n. Suppose t*d + d = 10. Let z(r) = -r**2 + r. Calculate z(d).
-2
Suppose l - 4*l + 36 - 3 = 0. Let k(g) = -g**2 + 11*g - 6. Determine k(l).
-6
Let c be ((-5)/3 + -1)/((-83)/(-249)). Let q(g) = 4*g**3 + 33*g**2 + 9*g + 12. Let f be q(c). Let t(h) = -h**3 + 3*h**2 + h + 6. What is t(f)?
-6
Let s(h) = h**2 - 10*h - 195. Suppose 140*y - 263 = 40*y + 1737. Determine s(y).
5
Let a(j) = -11*j + 44. Let y(t) = -25*t + 90. Let k(s) = -9*a(s) + 4*y(s). Determine k(-25).
-11
Suppose 2*t = -5*n + 19, -4*t + 450 = 5*n + 417. Let m(u) = -30*u**2 + 5*u - 3. Calculate m(n).
-28
Let k(y) = y**3 - 7*y**2 + 4*y - 8. Let i(b) = 107*b + 1504. Let c be i(-14). Determine k(c).
-20
Let i(h) = h + 7. Let b = 707 - 605. Let a be (-53 + (-3 - -5))*2. Let j = a + b. Determine i(j).
7
Let w(m) be the second derivative of -5*m**4/12 + m**3 - 5*m**2/2 + 2554*m. Give w(1).
-4
Let t(v) = v**3 + 3*v**2 + 5*v + 2. Suppose -4*d = 3*f - 37, 2*f = 3*d + f - 44. Suppose 0 = d*n - 2*n + 33. Determine t(n).
-13
Let j(d) = -d**2 + d + 7. Let v be 112/(-98) - (-80)/70. Give j(v).
7
Let l(p) = -p**3 - 5*p**2 - 5*p. Let u(a) = a**3 + 8*a**2 + 12*a + 2. Let k be u(-6). Suppose 4*w - w = -4*n - 4, -k*w = -n - 12. Give l(n).
4
Let l(y) = -y**2 - 24*y - 59. Let d be l(-21). Suppose -p + 4*p + b = 12, 5*b + d = p. Let k(x) = -x**2 + x + 5. Give k(p).
-7
Suppose -9*u = -7*u - 4*d + 22, 0 = 4*u + 2*d + 4. Let t(y) = 5*y**2 - 2*y - 1. What is t(u)?
50
Let b(c) be the second derivative of -21 - 21/20*c**5 + 0*c**3 - 3*c - 1/2*c**2 + 1/6*c**4. Determine b(1).
-20
Let k(n) be the first derivative of -n**4/4 + 4*n**3/3 + 9*n**2/2 - 20*n + 9087. Determine k(5).
0
Let t(d) = -d**2 + 27*d - 158. Let q be t(19). Let y be (q - (-7)/7) + -1. Let j(f) = -2*f - 2. What is j(y)?
10
Suppose -3*t + 3*g = -12, 2 = 2*t + 127*g - 123*g. Let w(b) = b**3 - 6*b**2 + 2*b + 2. Let d(s) = -s**2 + s - 1. Let x(v) = 2*d(v) - w(v). Give x(t).
5
Let k(i) = 3*i**3 - 23*i**2 - 5*i - 9. Let h be k(8). Let m(d) = -22 + 25 + h + 2*d. Determine m(0).
18
Let x(j) be the first derivative of j**2/2 + 5*j + 1. Let o be 60020/(-88) - (-3)/66. Let w = -692 - o. What is x(w)?
-5
Let w = -19346 + 19360. Let y(a) = -2*a - 9. Determine y(w).
-37
Let r(j) = -3*j**2 - 8*j + 3. Let t be 1 - 0 - (-18)/36*-8. Calculate r(t).
0
Let q(m) = 3*m**2 + 131*m + 933. Let i be q(-9). Let l(u) be the first derivative of 1/2*u**2 + 2 - 3*u + 1/3*u**3. Determine l(i).
3
Let g be (-2 + -14)*((-352)/(-64) + -6). Let s(k) = 9*k**2 + 4*k**3 - 4*k**3 - 2 - k**3 - 7*k. Calculate s(g).
6
Let x = -112 + 133. Suppose x*h = 6*h + 75. Let f(k) = k**2 - 6*k + 0*k - 2*k + 7. Give f(h).
-8
Let u(j) = 319*j + 1 + 350*j - 668*j. What is u(6)?
7
Let x(c) be the first derivative of 2*c**3/3 - 9*c**2/2 + 25*c - 2341. Determine x(6).
43
Let h(z) = -14*z - 64. Let b be h(-34). Let x = -416 + b. Let o(i) = -11*i + 1. Determine o(x).
45
Let o(h) = -73*h - 2. Suppose 5*z + 13 = 34*c - 36*c, 4*c + 17 = -z. Determine o(z).
71
Let k(s) = -2*s - 3. Let h = 749 - 750. Let a(y) = 6*y + 25. Let p(b) = h*a(b) - 2*k(b). What is p(-7)?
-5
Let s = -1085 + 1087. Suppose 0 = -2*m - 4*t - 14, -m + 23 = -t - 3*t. Let z(f) = -m*f**2 - 7 + 8 + 4*f**2 + 0. Determine z(s).
5
Let q be 18/216 - 13/12. Let c(i) = -2*i - 1. Let w(l) = 22*l + 12. Let u(k) = q*w(k) - 12*c(k). Calculate u(7).
14
Let w be ((-4)/(-5))/(24/20 + -1). Suppose -5*r + 48 = w*j - 324, -j = r - 75. Let u = 81 - r. Let n(x) = x**2 - 8*x - 13. What is n(u)?
-4
Let l(m) be the first derivative of m**4/4 - 7*m**3/3 + 11*m**2/2 - 16*m + 815. Determine l(6).
14
Let a be ((-1)/(-4))/(18/360). Let b(t) = 5*t + 4 - a - 7 + 4. Calculate b(-6).
-34
Let f(j) = -15*j**2 + 0*j**2 + 3*j**2 + 2*j**2 + 16. Let u(k) = -k**2 + 1. Let h(d) = f(d) - 12*u(d). Let i(g) be the first derivative of h(g). Determine i(-1).
